uppose y - r - r = 19, 0 = r. Suppose 2*k - 3*f = -0*k + y, -2*k = -2*f - 20. What is the remainder when 17 is divided by k?
6
Suppose 5*j - 3*z - 89 = 0, 0*j - j + 4*z + 28 = 0. What is the remainder when 45 is divided by j - (4 - 0)*(-3)/(-4)?
6
Suppose -1661*t = -1656*t - 840. Calculate the remainder when t is divided by 2 - (-18)/1 - 1.
16
Let j(s) = -8*s + 0 - 10*s**2 + s**3 + 1 - 7. Let h = 12 + -1. What is the remainder when 80 is divided by j(h)?
26
Suppose -4*k + 68 + 52 = 0. Let s = -113 - -115. Suppose 0 = 7*p - s*p - k. Calculate the remainder when 11 is divided by p.
5
Suppose -k - 4*f = 0, 9*k + 17 = 4*k - 3*f. Let s = 28 - k. Calculate the remainder when s is divided by 57/5 + (-12)/30.
10
Suppose 12 = 4*u, 3*k + 3*u = -37 + 250. Calculate the remainder when 319 is divided by k.
47
Suppose 2*y = -2*y + 8, -o + 3*y = -30. Suppose -45 = o*f - 41*f. What is the remainder when 17 is divided by f?
8
Let a(u) = -3*u**2 - 59*u - 55. Calculate the remainder when 252 is divided by a(-17).
9
Suppose -2*v + 47 = -113. Let b = 97 - v. Calculate the remainder when 63 is divided by b.
12
Let x be -9*((-20)/12)/5. What is the remainder when 46/3 - (-2)/x is divided by 4/(-10) - (-94)/10?
7
Let v(o) = 21*o. Let n be 4/(-34) + 4/34. Suppose n = 3*j - 48 - 18. Calculate the remainder when v(2) is divided by j.
20
Let h = -331 - -427. What is the remainder when h is divided by 50?
46
Let w(i) = -4*i + 70. Let y = 69 + -55. What is the remainder when 22 is divided by w(y)?
8
Let p(u) = -3*u**3 + 49*u**2 + 2*u - 17. What is the remainder when p(16) is divided by 72?
55
Calculate the remainder when 68 is divided by ((-87)/15 + 5)*-50.
28
Let h = -3 + 29. Calculate the remainder when -2 + (1 - (-101 - 2)) is divided by h.
24
Calculate the remainder when -1*2/(-9) - 5250/(-189) is divided by (-8)/(1 + 1 + -3).
4
Suppose 0 = 5*h + 20, -3*g + 4*h + 182 = 2*h. Let t = -39 + g. Suppose 0*x + 275 = 5*x. What is the remainder when x is divided by t?
17
Calculate the remainder when (40 + -26)/((-4)/(-6)) is divided by 13.
8
Let w = -15 - -12. Let v = w - -6. Suppose 4*d = 4*t + 184, -d + 5*d + v*t = 219. Calculate the remainder when d is divided by 18.
15
Let q = 273 - 240. What is the remainder when q is divided by 17?
16
Suppose -5*k - 3*l = -241, -111*k + 106*k + l = -233. Calculate the remainder when 186 is divided by k.
45
Calculate the remainder when (102/6 + -6)/((-3)/(-51)) is divided by 16.
11
Let j = -880 - -932. What is the remainder when j is divided by 8?
4
Let c(x) = -286*x**3 - 3*x**2 + 2*x + 4. Calculate the remainder when c(-1) is divided by 16.
13
Suppose 4*g - 3*a = 0, 5*a - 34 + 5 = -3*g. Let b(l) = -l**3 - 2*l**2 + 4*l. Let x be b(-3). Let p = g - x. What is the remainder when 9 is divided by p?
3
Let h(l) = 8*l + 9. Let t be h(-7). Let v = t - -70. Calculate the remainder when 112 is divided by v.
20
Let u(c) = 31*c**3 + c - 1. Let y be u(1). Let k = 53 - y. Calculate the remainder when k is divided by 6.
4
Suppose -g + 54 = -31. Let f = g + -61. Suppose -6*b + 3*b + f = 0. What is the remainder when 22 is divided by b?
6
Let a(f) = f**2 - 4*f + 11. Let j be a(9). Let s = j - 24. What is the remainder when 93 is divided by s?
29
Suppose 2*v = -6, -2*a + v + 2881 = 794. What is the remainder when a is divided by 19?
16
Suppose 20*u = 11*u + 3015. What is the remainder when u is divided by 42?
41
Let p be (-10)/65 - 8/(-52). Suppose -2*l + 96 = o - 0*o, p = -3*l + 5*o + 157. Calculate the remainder when l is divided by 26.
23
Suppose -16 + 60 = -v. Calculate the remainder when -3 - (-26 + 2 - -2) is divided by v/(-6) - 5/15.
5
Let x(u) = -2*u**3 - u**2 - 3*u + 43. Calculate the remainder when x(0) is divided by 5.
3
Let t = -18 - -12. Calculate the remainder when (-7)/4*(0 - -4)*t is divided by 21 + 2/(1 - -1).
20
Suppose 48 - 43 = u. Suppose 4*j - m - 143 = 0, -u*j + 3*m = -3*j - 69. What is the remainder when j is divided by 10?
6
Suppose -4*f - 3*l + 536 = -8*l, 3*f - 402 = 2*l. Suppose -2*t + 113 = 41. Calculate the remainder when f is divided by t.
26
Let c = 287 + -280. What is the remainder when 22 is divided by c?
1
Let u = -41 - -66. Let l(z) = z**3 - 15*z**2 - 9*z + 9. What is the remainder when l(16) is divided by u?
21
Suppose -2*z = -3*s - 18, 2*z - 9 = 4*s + 13. Suppose 5 = z*f - 1. What is the remainder when 18 is divided by f?
0
Suppose 3*f - 3*u - 3 = 0, 5*u - 57 = -4*f - 17. Calculate the remainder when -2*(0/f + -16) is divided by 18.
14
Let s be 136/3 - 21/63. Suppose 0*n = -2*n + 48. Let v = s - n. What is the remainder when v is divided by 8?
5
Let k(b) = 3*b - 73. What is the remainder when 33 is divided by k(25)?
1
Suppose 40*z = 169*z - 12900. Calculate the remainder when 203 is divided by z.
3
Let x(k) = 2*k + 25. Let i be x(-8). Let b = i + -14. Let l(q) = q**3 + 5*q**2 - 2*q + 2. Calculate the remainder when 22 is divided by l(b).
10
Let y = -1846 + 1895. Calculate the remainder when 285 is divided by y.
40
Let s = -233 + 274. Calculate the remainder when s is divided by 22.
19
Let g(y) = 10*y + 2. Let n = 5 + -2. Suppose 20 = b + 9. What is the remainder when g(n) is divided by b?
10
Let r(a) = a**2 + a - 4. Let x be r(6). Suppose -40 = -2*y + x. Let l = -6 + 20. What is the remainder when y is divided by l?
11
Let i(c) = c**2 - c - 5. Let w = -3 - -3. Let f be i(w). Calculate the remainder when (-50)/2*6/f is divided by 8.
6
Suppose 134*d + 24 = 138*d. What is the remainder when 8 is divided by d?
2
Suppose 3*k - 3*s + 2*s - 5 = 0, 9 = -k + 3*s. Calculate the remainder when 9 is divided by 14/(-3)*k*1/(-2).
2
Suppose 0 = -8*v + 60 + 4. Let r = -8 - -55. Calculate the remainder when r is divided by v.
7
Let j(s) = 27*s - 200. Calculate the remainder when j(11) is divided by 50.
47
Let t(k) = 23*k**3 - k + 1. Suppose -88 = -c + 3*c + 4*x, c + 3*x = -45. What is the remainder when 1*-2*903/c is divided by t(1)?
20
Let d(m) = 2*m. Let c be d(1). Suppose 0 = 7*j - c - 5. Let n = 0 - -1. What is the remainder when n is divided by j?
0
Let p(d) = 9*d - 4. Let f be p(-2). Calculate the remainder when 42 is divided by ((-8)/(-4))/((-2)/f).
20
Let i(f) = -22*f - 960. Calculate the remainder when 309 is divided by i(-46).
49
Let z = -30 + 35. Suppose -j = -4*y - 25, -6*y = z*j - 4*y - 37. What is the remainder when 51 is divided by j?
6
Suppose 20*o = 22*o - 182. Let s = -62 + o. What is the remainder when 143 is divided by s?
27
Let i(t) = -t**3 + 7*t**2 - 5. Suppose -2*p + 3*p = 24. What is the remainder when i(5) is divided by (6/12)/(1/p)?
9
Suppose 0 = x + 1 + 3, -16 = -4*t + x. Suppose 2*w + 9 = t*w. Suppose 222 = -6*o + w*o. What is the remainder when o is divided by 15?
14
Suppose 3*f - 37 - 50 = 0. Let k = 895 + -884. Calculate the remainder when f is divided by k.
7
Let x = 11 - 10. Let q = x + 54. Calculate the remainder when q is divided by 29.
26
Let m be 1/((-3)/(8*-3)). Suppose -3*j + m*j - 395 = 0. Suppose 38 = w - s, -w + j = w - s. Calculate the remainder when w is divided by 14.
13
Let x = 12 + -8. Suppose 12 = 4*o + x. Suppose -2*n + 67 = h, -o*h - 3*h + 5*n + 380 = 0. What is the remainder when h is divided by 25?
23
Suppose 0 = 19*c - 17*c. Suppose 3*l = -c*l + 57. Calculate the remainder when 112 is divided by l.
17
Let d(s) = s**3 + 6*s**2 - 3*s + 1. Calculate the remainder when (-3)/6 - (-3528)/144 is divided by d(-6).
5
Let i be (-28)/(-3)*(-6)/(-4). Let z = 58 - i. What is the remainder when z is divided by (-69)/2*(-6)/9?
21
Suppose w = 10 + 7. Suppose 0 = -5*g + 2*d + 7, 4*d + w = 3*g + 6*d. Calculate the remainder when 5 is divided by g.
2
Let n(h) = -h**3 - 19*h**2 - 31*h + 68. Calculate the remainder when 116 is divided by n(-17).
14
Let u = 565 + -538. Let c(h) = h + 105. Calculate the remainder when c(0) is divided by u.
24
Let i(o) = 5*o - 6*o - 6 - 2*o. Let c be i(-3). Suppose 2*w + c = 17. What is the remainder when 26 is divided by w?
5
Suppose -20 = -4*x, g - 3*x = -2*g - 150. What is the remainder when (4 - g/(-12)) + (-214)/(-8) is divided by 14?
13
Suppose -20*h = 3*h - 460. What is the remainder when 57 is divided by h?
17
Suppose 5*r + 4*i = 777, 3*i + 8 - 2 = 0. Calculate the remainder when r is divided by 41.
34
Let k(z) = z**3 + 4*z**2 - 5*z - 3. What is the remainder w